 z be f/(-15) - 8/5. What is the units digit of (z + 1)*7*-1?
7
Let z(a) = a**2 - 9*a + 8. Suppose -3*y = 2*y - 45. What is the units digit of z(y)?
8
Let m(f) = -3*f + 48*f**2 - 6 - 97*f**2 + 50*f**2. Let s be 7 + (2 - 2)/(-2). What is the units digit of m(s)?
2
Let a(c) = c + 9. Let k be a(-9). Suppose 1 + 8 = -3*i, k = 3*q + 2*i - 3. What is the units digit of q?
3
Suppose -4*j + 10 = -6. Suppose 0 = -g + 5*v + 28, -3*g - 2 = j*v + 9. What is the units digit of g?
3
What is the units digit of 14/(-77) - (-136)/22?
6
Suppose -3*h + 2*y = -781, 0 = 4*h - 0*y + 4*y - 1068. What is the tens digit of h?
6
Let t(x) = x**3 - 4*x**2 + 3*x + 2. Let w be (-3)/(-8)*4*2. What is the units digit of t(w)?
2
Let i be (1/(-4))/((-5)/20). Let u be 2/4 + (-10)/4. Let o = i - u. What is the units digit of o?
3
Let f(p) = p**2 + 2*p - 4. What is the tens digit of f(-7)?
3
Suppose 4*p + 0 - 24 = 0. Let s = 6 + -4. Suppose b = p + s. What is the units digit of b?
8
Let u(q) = q**3 + 0*q + 0*q**3 + 15*q**2 + 5*q + 2 - 9*q**2. What is the units digit of u(-4)?
4
Let s(p) = -3*p**2 + 3*p + 1. Let a(g) = 0*g + g + 2*g**2 - 3*g**2. Let m(h) = -4*a(h) + s(h). What is the units digit of m(3)?
7
Let n be 10/4*(6 + -4). Suppose n*h - 16 = 79. Suppose -5*v = 3*f - 4*f - 31, 5*v - h = 4*f. What is the units digit of v?
7
Suppose 5*f - 3*z - 20 = 0, 4*f - z - 16 = -0*z. Suppose 33 = 9*g - 48. Suppose f*r - r = g. What is the units digit of r?
3
Suppose -5*m = z - 135, 675 = 5*z - 2*m - 2*m. What is the units digit of z?
5
Let o be 14/3 + 4/(-6). Suppose o*d - 40 = 84. What is the units digit of d?
1
Let h(x) be the third derivative of 5*x**5/12 - x**4/24 - x**3/6 + 2*x**2. What is the tens digit of h(-1)?
2
Let z = -1 - 0. What is the units digit of (z + 2/4)*-12?
6
Suppose -2*u - 1890 = p, -u + 2*p + 573 - 1518 = 0. Let f be 2/(-7) + u/(-49). Suppose -s + 2*s = f. What is the tens digit of s?
1
Suppose -2*p = -3*p + 3. Suppose 2*w + p*w = -35. What is the units digit of w/21*-3*3?
3
Suppose -3*r + 5*j + 10 = 0, -2*j + 4 = r - 3*j. What is the units digit of r?
5
Let m(h) = h - 2. Let o = -1 + 4. Let u be m(o). What is the units digit of (1 - -4)*1 - u?
4
Let z = -11 - -27. Let a = 8 - z. What is the units digit of (a/(-12))/((-2)/(-21))?
7
Suppose 2*y - 4 = -0*y. Suppose -3*a + 5 = -y*z, 0*z = 5*z + 4*a - 22. Suppose 3*c = 2*l + 45, z*c + c - 33 = -2*l. What is the tens digit of c?
1
Suppose 0 = v - 5*v + 144. What is the units digit of v?
6
Let j be 24/3 - (2 + 0). Suppose 0 = -2*i + j + 2. Suppose 3*k = i*k - 7. What is the units digit of k?
7
Suppose 0 = 3*z - 2*z - 2*v - 4, z = -4*v - 20. Let a(l) = -5*l - 4. Let w be a(z). Suppose -3*q - 5*p = -w - 0, p = 5*q - 8. What is the units digit of q?
2
Let w(v) = -1 - 6*v + 1 + 5. Let p be w(4). Let q = p - -31. What is the tens digit of q?
1
Suppose -5*m - 15 = 0, 3*h - 5*m + 0*m = 414. What is the units digit of h?
3
Suppose -5*r = -10*r + 10. Suppose r*w + 3*h + 7 = 0, -5*h - 1 = 5*w + 4. What is the units digit of w?
4
Suppose -84 - 12 = -3*i. What is the units digit of i?
2
What is the tens digit of 52/(-6)*(-3)/1?
2
Let x be (128/(-24))/((-1)/3). Let w = x - -5. What is the units digit of w?
1
Suppose 0 = -6*a + a + 20. Suppose 101 - 5 = a*o. What is the units digit of o?
4
Let f = 2 + 12. Let g be (-21)/(-6)*8/f. Suppose 3*h - 63 = -5*v, 23 = g*v - 0*v - h. What is the tens digit of v?
1
Suppose 16 - 4 = 4*i. Suppose -i*d + 5 = -1. Suppose 0 = -4*u - 4*c + 52, 2*u + d*c - 39 = -u. What is the units digit of u?
3
Let q(a) = 18*a**2 + 2*a + 18. What is the units digit of q(-4)?
8
Let h be ((-4)/10)/(6/(-120)). Suppose 0 = u - 9 - h. What is the tens digit of u?
1
Let d(q) = q**2 - q + 1. Let m(j) = 5*j**2 - 6*j. Suppose -5*s = 5*f - 20, -4*s + 3*f = -11 - 5. Let l(w) = s*d(w) - m(w). What is the units digit of l(3)?
1
Let r(d) = -d**2 + 14*d. Let z be r(8). What is the units digit of z/(-15)*10/(-4)?
8
Let p be (6 - 1)*18/(-15). What is the units digit of ((-6)/5)/(p/15)?
3
What is the units digit of (-16)/(-5)*(-50)/(-4)?
0
Let i = 1 - 0. Let u be (-3)/(-3) - (-5 + i). Let o = u - -1. What is the units digit of o?
6
Let l(a) = -11*a + 5*a**2 + 16 - 4 - 4*a**2. What is the units digit of l(11)?
2
Suppose a = 5, 2*c - 8 = -5*a + 67. Let i = c - 14. What is the units digit of i?
1
Suppose -6*o + 244 + 38 = 0. What is the tens digit of o?
4
Suppose -3*h = 4*u - 25, 0*u + 3*u - 12 = 0. Suppose 1 - 7 = 3*v, 5*p = -h*v - 1. What is the units digit of p?
1
Let o be ((-4)/16)/(2/(-16)). Suppose 0 = 2*s + o*s + 4*t - 32, 0 = -4*s - 5*t + 36. What is the units digit of s?
4
Let t(b) = 2*b**3 + 2*b - 1. Let c be t(1). Suppose 0*d = -c*d. What is the units digit of 3 - (d/3 - 0)?
3
Let b(t) = t**2 + 4*t + 5. Let p be b(-4). Suppose -p*w + 12 = 4*k, -2*k + 12 = -2*w + 6*w. What is the units digit of 0 + (1 + 0 - k)?
3
Let n = -5 + 10. Let o = 12 - n. Let k(v) = v**3 - 6*v**2 - 6*v - 6. What is the units digit of k(o)?
1
Let y = -135 + 186. What is the tens digit of y?
5
Suppose 8*y = 6*y. Suppose 5*j - 3 - 7 = y. What is the units digit of j?
2
Let r = 1 + 4. Suppose 4*a + 3*c = r*c + 22, -c - 19 = -3*a. What is the units digit of a?
8
Suppose 0 = 8*j - 6*j - 114. What is the units digit of j?
7
Let t(c) = 3*c**2 - 2*c - 6. What is the tens digit of t(3)?
1
Let v(o) = -o**2 - o + 1. Let j(i) = -i**3 + 3*i**2 + i. Let z(u) = j(u) + 3*v(u). What is the units digit of z(-3)?
6
Let a = 36 - 25. Let u = a + 7. What is the units digit of u?
8
Suppose -5*p + 5*b + 160 = 0, 4*p - b = 16 + 100. What is the units digit of p?
8
Let u = -168 - -365. What is the tens digit of u?
9
Let f(x) = x**3 + 8*x**2 + x - 1. Let h be f(-8). Let o = 24 + h. Suppose -o = m - 2*m. What is the tens digit of m?
1
Let t be 1/3 - 14/(-3). Suppose -t*q + 29 = 9. What is the units digit of q?
4
Let z(n) = 0 + 1 + n - n - 2*n. What is the units digit of z(-1)?
3
Let z be (-12)/8*(-2 + 4). Let k = z + 13. What is the tens digit of k?
1
Let f = -13 - -37. What is the units digit of f?
4
Suppose -o = -0*o - 58. What is the units digit of o?
8
Suppose -5*w = -w - 36. What is the units digit of ((-7)/1)/(w/(-36))?
8
Suppose g - 54 = -u, 2*g + 2*g + 234 = 5*u. What is the units digit of u?
0
Suppose d - 16 = -3*d. Suppose 5*v + 3*x + 2*x - 65 = 0, -4*v = -d*x - 28. Suppose 5*w - 25 = v. What is the units digit of w?
7
Suppose -4*f - 58 = -2*t, 5*t + 15 = 2*t. Let c be -8 + 11 + f/(-1). Suppose -3*w = -w - c. What is the units digit of w?
0
Let d = -165 - -351. Suppose 3*f - 4*f + p = -33, -5*f - 2*p = -d. Suppose -o = -4*b + f, 4*b - 5*o - 21 = 31. What is the units digit of b?
8
Let w(u) = u + 5. Let z be w(-6). Let h be (z + 2)/((-2)/(-8)). Let i = 12 - h. What is the units digit of i?
8
Suppose 0 = -l - 4*l + 3*t + 514, -5*l = 4*t - 493. What is the tens digit of l?
0
Suppose -3*h - 3 = -4*w - 12, -3*h + 9 = 2*w. Let x be (2 + -1)*(-32 + h). Let t = -18 - x. What is the units digit of t?
1
Suppose 3*m - 127 - 140 = 0. Suppose 0 = 4*r - m + 5. What is the units digit of r?
1
Let x(w) = 4*w**2 - w. Let i be x(1). Suppose -2*y = i*y - 80. What is the units digit of y?
6
What is the units digit of (-1)/(-3) + 174/18?
0
Let i(p) = -p + 16. What is the units digit of i(0)?
6
Suppose 2*u - 6 = -s, 4 = 4*s - 2*u - 0. Suppose -s*n - 8 + 2 = 0. What is the tens digit of 12 - n/6*-4?
1
Let a(f) = -f**3 + 3*f**2 - f + 5. Let l be a(4). Suppose 4*y + 14 = -14. Let v = y - l. What is the units digit of v?
8
Let f(i) = -i**3 - i**2 - 5. Let o be f(-4). Suppose l + 3 = o. Let b = -24 + l. What is the units digit of b?
6
Suppose 2*d + 2*d - 52 = -2*p, p + d - 25 = 0. Suppose 3*r + 5 = -a + p, -3*a + 3*r = -9. Let l(u) = u**2 - 6*u + 1. What is the units digit of l(a)?
8
Let x be (-1)/(2/(-2))*-1. Let f(l) = l**2 + 2*l + 1. Let u be f(x). Suppose -5*z = -q - 4*q - 45, u = 2*z + q - 33. What is the tens digit of z?
1
Suppose -7*t + 4*t + 54 = 0. What is the units digit of t?
8
Suppose 0 = 6*x - 11*x + 470. What is the units digit of x?
4
Let y = 4 + -11. Let x = -3 - y. What is the units digit of x?
4
Suppose 1 = 4*a - 7. Let q(m) = a*m + 0*m - 5 - m. What is the units digit of q(9)?
4
Let x = 11 + -6. Suppose 0 = 2*t + 2*v + v + 3, -4*t = 3*v - 3. Suppose -x*o = -t*o - 18. What is 